{"id":12,"date":"2012-04-16T19:24:21","date_gmt":"2012-04-16T19:24:21","guid":{"rendered":"http:\/\/www.jehan.ch\/treehouse\/?page_id=12"},"modified":"2012-12-19T19:53:02","modified_gmt":"2012-12-19T18:53:02","slug":"my-home-page","status":"publish","type":"page","link":"https:\/\/www.jehan.ch\/treehouse\/","title":{"rendered":"Home"},"content":{"rendered":"<h2>Bienvenue \u00e0 Treehouse<\/h2>\n<p><img loading=\"lazy\" decoding=\"async\" src=\"http:\/\/www.jehan.ch\/treehouse\/wp-content\/uploads\/2012\/04\/thumb_welcome.png\" alt=\"\"  width=\"230\" height=\"143\" class=\"frame_left\" \/><br \/>\n<strong>S\u00e9journez \u00e0 la Vall\u00e9e de Joux<\/strong><\/p>\n<p>Au c\u0153ur du Jura Vaudois, pour les amoureux de nature &amp; d\u00e9couverte et activit\u00e9s sportives ou pour un s\u00e9jour professionnel, un h\u00e9bergement de standing et de confort.<\/p>\n<p>&nbsp;<\/p>\n<p>&nbsp;<\/p>\n<ul>\n<img loading=\"lazy\" decoding=\"async\" src=\"https:\/\/www.jehan.ch\/treehouse\/wp-content\/themes\/welcome_inn\/images\/icons\/icon_x.png\" width=\"23\" height=\"20\" alt=\"check\" \/>arr\u00eat de train \u00e0 300 m<br \/>\n<img loading=\"lazy\" decoding=\"async\" src=\"https:\/\/www.jehan.ch\/treehouse\/wp-content\/themes\/welcome_inn\/images\/icons\/icon_x.png\" width=\"23\" height=\"20\" alt=\"check\" \/>restaurant \u00e0 300 m<br \/>\n<img loading=\"lazy\" decoding=\"async\" src=\"https:\/\/www.jehan.ch\/treehouse\/wp-content\/themes\/welcome_inn\/images\/icons\/icon_x.png\" width=\"23\" height=\"20\" alt=\"check\" \/>centre nautique \u00e0 1.2 km<br \/>\n<img loading=\"lazy\" decoding=\"async\" src=\"https:\/\/www.jehan.ch\/treehouse\/wp-content\/themes\/welcome_inn\/images\/icons\/icon_x.png\" width=\"23\" height=\"20\" alt=\"check\" \/>commerces, centre sportif et cin\u00e9ma \u00e0 3 km<br \/>\n<img loading=\"lazy\" decoding=\"async\" src=\"https:\/\/www.jehan.ch\/treehouse\/wp-content\/themes\/welcome_inn\/images\/icons\/icon_x.png\" width=\"23\" height=\"20\" alt=\"check\" \/>2 golfs (2 x 18 trous) \u00e0 22 km\n<\/ul>\n<p>&nbsp;<\/p>\n","protected":false},"excerpt":{"rendered":"<p>Bienvenue \u00e0 Treehouse<br \/>\nS\u00e9journez \u00e0 la Vall\u00e9e de Joux<br \/>\nAu c\u0153ur du Jura Vaudois, pour les amoureux de nature &amp; d\u00e9couverte et activit\u00e9s sportives ou pour un &#8230;<\/p>\n","protected":false},"author":1,"featured_media":0,"parent":0,"menu_order":0,"comment_status":"open","ping_status":"open","template":"template-full_width.php","meta":{"footnotes":""},"class_list":["post-12","page","type-page","status-publish","hentry"],"_links":{"self":[{"href":"https:\/\/www.jehan.ch\/treehouse\/wp-json\/wp\/v2\/pages\/12","targetHints":{"allow":["GET"]}}],"collection":[{"href":"https:\/\/www.jehan.ch\/treehouse\/wp-json\/wp\/v2\/pages"}],"about":[{"href":"https:\/\/www.jehan.ch\/treehouse\/wp-json\/wp\/v2\/types\/page"}],"author":[{"embeddable":true,"href":"https:\/\/www.jehan.ch\/treehouse\/wp-json\/wp\/v2\/users\/1"}],"replies":[{"embeddable":true,"href":"https:\/\/www.jehan.ch\/treehouse\/wp-json\/wp\/v2\/comments?post=12"}],"version-history":[{"count":76,"href":"https:\/\/www.jehan.ch\/treehouse\/wp-json\/wp\/v2\/pages\/12\/revisions"}],"predecessor-version":[{"id":395,"href":"https:\/\/www.jehan.ch\/treehouse\/wp-json\/wp\/v2\/pages\/12\/revisions\/395"}],"wp:attachment":[{"href":"https:\/\/www.jehan.ch\/treehouse\/wp-json\/wp\/v2\/media?parent=12"}],"curies":[{"name":"wp","href":"https:\/\/api.w.org\/{rel}","templated":true}]}}